{"id":25477,"date":"2026-01-08T05:37:03","date_gmt":"2026-01-08T05:37:03","guid":{"rendered":"https:\/\/majesticeducacion.com.mx\/nuevo\/?post_type=product&#038;p=25477"},"modified":"2026-02-06T14:31:11","modified_gmt":"2026-02-06T14:31:11","slug":"starlight-purple-a1-digital","status":"publish","type":"product","link":"https:\/\/majesticeducacion.com.mx\/nuevo\/product\/starlight-purple-a1-digital\/","title":{"rendered":"Starlight (Purple): A1+ (Digital)"},"content":{"rendered":"","protected":false},"excerpt":{"rendered":"<p><strong>Libro Digital<\/strong><\/p>\n<p><b>Serie de antolog\u00edas en 6 niveles para primaria.<\/b><\/p>\n<p><b>Incluye lecturas de ficci\u00f3n y no-ficci\u00f3n, distribuidas en 5 bloques con dos historias cada uno (1 art\u00edculo informativo y una historieta). <\/b><\/p>\n<p><b>Dise\u00f1ada con atract\u00edvos gr\u00e1ficos y distintos portadores de texto.<\/b><\/p>\n<p><b>Incluye actividades en plataforma enfocadas a la comprensi\u00f3n lectora y\u00a0 el desarrollo de pensamiento critico.<\/b><\/p>\n<p><strong>Presentaci\u00f3n comercial:\u00a0<a href=\"https:\/\/majesticeducacion.com.mx\/nuevo\/wp-content\/uploads\/2026\/01\/Mind-Twisters-1.png\" target=\"_blank\" rel=\"noopener\">Ver mas!<\/a><\/strong><\/p>\n<p>M\u00e1s informes en servicioaclientes@majesticeducacion.com.mx<\/p>\n<p>ISBN 9786075105840D<\/p>\n","protected":false},"featured_media":25676,"comment_status":"open","ping_status":"closed","template":"","meta":[],"product_brand":[],"product_cat":[381,398,404],"product_tag":[],"class_list":{"0":"post-25477","1":"product","2":"type-product","3":"status-publish","4":"has-post-thumbnail","6":"product_cat-ingles-2","7":"product_cat-primaria","8":"product_cat-serie-starlight","10":"first","11":"instock","12":"virtual","13":"purchasable","14":"product-type-simple"},"_links":{"self":[{"href":"https:\/\/majesticeducacion.com.mx\/nuevo\/wp-json\/wp\/v2\/product\/25477","targetHints":{"allow":["GET"]}}],"collection":[{"href":"https:\/\/majesticeducacion.com.mx\/nuevo\/wp-json\/wp\/v2\/product"}],"about":[{"href":"https:\/\/majesticeducacion.com.mx\/nuevo\/wp-json\/wp\/v2\/types\/product"}],"replies":[{"embeddable":true,"href":"https:\/\/majesticeducacion.com.mx\/nuevo\/wp-json\/wp\/v2\/comments?post=25477"}],"wp:featuredmedia":[{"embeddable":true,"href":"https:\/\/majesticeducacion.com.mx\/nuevo\/wp-json\/wp\/v2\/media\/25676"}],"wp:attachment":[{"href":"https:\/\/majesticeducacion.com.mx\/nuevo\/wp-json\/wp\/v2\/media?parent=25477"}],"wp:term":[{"taxonomy":"product_brand","embeddable":true,"href":"https:\/\/majesticeducacion.com.mx\/nuevo\/wp-json\/wp\/v2\/product_brand?post=25477"},{"taxonomy":"product_cat","embeddable":true,"href":"https:\/\/majesticeducacion.com.mx\/nuevo\/wp-json\/wp\/v2\/product_cat?post=25477"},{"taxonomy":"product_tag","embeddable":true,"href":"https:\/\/majesticeducacion.com.mx\/nuevo\/wp-json\/wp\/v2\/product_tag?post=25477"}],"curies":[{"name":"wp","href":"https:\/\/api.w.org\/{rel}","templated":true}]}}