{"id":25645,"date":"2026-01-19T14:21:07","date_gmt":"2026-01-19T14:21:07","guid":{"rendered":"https:\/\/majesticeducacion.com.mx\/nuevo\/?post_type=product&#038;p=25645"},"modified":"2026-02-19T17:14:44","modified_gmt":"2026-02-19T17:14:44","slug":"make-your-way-level-1-pack-libro-fisico-libro-digital","status":"publish","type":"product","link":"https:\/\/majesticeducacion.com.mx\/nuevo\/product\/make-your-way-level-1-pack-libro-fisico-libro-digital\/","title":{"rendered":"MAKE YOUR WAY LEVEL 1 (PACK LIBRO F\u00cdSICO + LIBRO D\u00cdGITAL)"},"content":{"rendered":"","protected":false},"excerpt":{"rendered":"<p><strong>Presentaci\u00f3n comercial:\u00a0<\/strong><a href=\"https:\/\/majesticeducacion.com.mx\/nuevo\/wp-content\/uploads\/2026\/02\/Make-Your-way.png\" target=\"_blank\" rel=\"noopener\">!Ver aqu\u00ed!<\/a><\/p>\n<p>ISBN<\/p>\n","protected":false},"featured_media":25631,"comment_status":"open","ping_status":"closed","template":"","meta":[],"product_brand":[],"product_cat":[381,401,415],"product_tag":[416],"class_list":{"0":"post-25645","1":"product","2":"type-product","3":"status-publish","4":"has-post-thumbnail","6":"product_cat-ingles-2","7":"product_cat-ingles-jovenes-adultos-2","8":"product_cat-serie-make-your-way","9":"product_tag-serie-make-your-way","11":"first","12":"outofstock","13":"shipping-taxable","14":"purchasable","15":"product-type-simple"},"_links":{"self":[{"href":"https:\/\/majesticeducacion.com.mx\/nuevo\/wp-json\/wp\/v2\/product\/25645","targetHints":{"allow":["GET"]}}],"collection":[{"href":"https:\/\/majesticeducacion.com.mx\/nuevo\/wp-json\/wp\/v2\/product"}],"about":[{"href":"https:\/\/majesticeducacion.com.mx\/nuevo\/wp-json\/wp\/v2\/types\/product"}],"replies":[{"embeddable":true,"href":"https:\/\/majesticeducacion.com.mx\/nuevo\/wp-json\/wp\/v2\/comments?post=25645"}],"wp:featuredmedia":[{"embeddable":true,"href":"https:\/\/majesticeducacion.com.mx\/nuevo\/wp-json\/wp\/v2\/media\/25631"}],"wp:attachment":[{"href":"https:\/\/majesticeducacion.com.mx\/nuevo\/wp-json\/wp\/v2\/media?parent=25645"}],"wp:term":[{"taxonomy":"product_brand","embeddable":true,"href":"https:\/\/majesticeducacion.com.mx\/nuevo\/wp-json\/wp\/v2\/product_brand?post=25645"},{"taxonomy":"product_cat","embeddable":true,"href":"https:\/\/majesticeducacion.com.mx\/nuevo\/wp-json\/wp\/v2\/product_cat?post=25645"},{"taxonomy":"product_tag","embeddable":true,"href":"https:\/\/majesticeducacion.com.mx\/nuevo\/wp-json\/wp\/v2\/product_tag?post=25645"}],"curies":[{"name":"wp","href":"https:\/\/api.w.org\/{rel}","templated":true}]}}